{"id":266,"date":"2017-03-21T10:48:52","date_gmt":"2017-03-21T08:48:52","guid":{"rendered":"http:\/\/beautifulmistake.fi\/box\/?page_id=266"},"modified":"2026-02-04T14:38:37","modified_gmt":"2026-02-04T12:38:37","slug":"page-1","status":"publish","type":"page","link":"https:\/\/www.tiinagrano.fi\/","title":{"rendered":"Tiina Gran\u00f6"},"content":{"rendered":"<div id='full_slider_1'  class='avia-fullwidth-slider main_color avia-shadow   avia-builder-el-0  el_before_av_textblock  avia-builder-el-first   container_wrap sidebar_right'  ><div  class='avia-slideshow av-16mgy2-89db137c0bb2e0ebf154c841a35eb7fa avia-slideshow-featured av_slideshow_full avia-slide-slider av-slideshow-ui av-control-hidden av-no-slider-navigation av-hide-nav-arrows av-slideshow-manual av-loop-once av-loop-manual-endless av-default-height-applied   avia-slideshow-1' data-slideshow-options=\"{&quot;animation&quot;:&quot;slide&quot;,&quot;autoplay&quot;:false,&quot;loop_autoplay&quot;:&quot;once&quot;,&quot;interval&quot;:5,&quot;loop_manual&quot;:&quot;manual-endless&quot;,&quot;autoplay_stopper&quot;:false,&quot;noNavigation&quot;:true,&quot;bg_slider&quot;:false,&quot;keep_padding&quot;:false,&quot;hoverpause&quot;:false,&quot;show_slide_delay&quot;:0}\"  itemprop=\"image\" itemscope=\"itemscope\" itemtype=\"https:\/\/schema.org\/ImageObject\" ><ul class='avia-slideshow-inner ' style='padding-bottom: 28.666666666667%;'><li  class='avia-slideshow-slide av-16mgy2-89db137c0bb2e0ebf154c841a35eb7fa__0  av-single-slide slide-1 slide-odd'><div data-rel='slideshow-1' class='avia-slide-wrap '   ><img class=\"wp-image-767 avia-img-lazy-loading-not-767\"  src='https:\/\/www.tiinagrano.fi\/wp-content\/uploads\/2017\/09\/portti-1500x430.jpg' width='1500' height='430' title='portti' alt=''  itemprop=\"thumbnailUrl\"   \/><\/div><\/li><\/ul><\/div><\/div><div id='after_full_slider_1'  class='main_color av_default_container_wrap container_wrap sidebar_right'  ><div class='container av-section-cont-open' ><div class='template-page content  av-content-small alpha units'><div class='post-entry post-entry-type-page post-entry-266'><div class='entry-content-wrapper clearfix'>\n<section  class='av_textblock_section av-vol5u-b597be33495d41ca8b773fd83f982c78'  itemscope=\"itemscope\" itemtype=\"https:\/\/schema.org\/CreativeWork\" ><div class='avia_textblock'  itemprop=\"text\" ><\/p>\n<\/div><\/section>\n\n<style type=\"text\/css\" data-created_by=\"avia_inline_auto\" id=\"style-css-av-tjcaq-0e5e34d7a4fd63253424923294a051d5\">\n.flex_column.av-tjcaq-0e5e34d7a4fd63253424923294a051d5{\n-webkit-border-radius:0px 0px 0px 0px;\n-moz-border-radius:0px 0px 0px 0px;\nborder-radius:0px 0px 0px 0px;\npadding:0px 0px 0px 0px;\n}\n<\/style>\n<div class='flex_column av-tjcaq-0e5e34d7a4fd63253424923294a051d5 av_one_half  avia-builder-el-2  el_after_av_textblock  el_before_av_one_half  first flex_column_div av-zero-column-padding column-top-margin'     ><section  class='av_textblock_section av-iuaey-782770bfb81813318b65a57f7a34e90a'  itemscope=\"itemscope\" itemtype=\"https:\/\/schema.org\/CreativeWork\" ><div class='avia_textblock'  itemprop=\"text\" ><p style=\"background: white; vertical-align: baseline; margin: 10.2pt 0cm 10.2pt 0cm;\"><span lang=\"FI\" style=\"font-size: 10.0pt; font-family: 'Open Sans',sans-serif; color: #666666;\">Olen psykoterapeutti, fysioterapeutti, tanssi-liiketerapeutti ja ty\u00f6nohjaaja (STOry). Psykoterapiakoulutukseni suuntaus on Ratkaisukeskeinen (Valvira, Kela) ja ty\u00f6nohjaajakoulutukseni suuntaus on psykofyysinen. Lis\u00e4ksi minulla on mm. psykofyysisen fysioterapian, psykofyysisen psykoterapian ja sensomotorisen traumaterapian opintoja sek\u00e4 EMDR- terapian peruskoulutus ( 1 ja 2 tasot).<\/span><\/p>\n<p style=\"background: white; vertical-align: baseline; margin: 10.2pt 0cm 10.2pt 0cm;\"><span lang=\"FI\" style=\"font-size: 10.0pt; font-family: 'Open Sans',sans-serif; color: #666666;\">Ty\u00f6ss\u00e4ni k\u00e4yt\u00e4n ja yhdistelen eri terapiamuotoja ja menetelmi\u00e4 asiakkaan ja tilanteen mukaan. Vastaanotolleni voi tulla kuntoutuspsykoterapiaan mm. Kelan tuella tai Varsinais-Suomen hyvinvointialueen ostopalveluosoituksella. Olen ty\u00f6skennellyt mm. masennus-, ahdistus-, paniikkih\u00e4iri\u00f6-, sy\u00f6mish\u00e4iri\u00f6- ja kipuasiakkaiden kanssa.<\/span><\/p>\n<p style=\"background: white; vertical-align: baseline; margin: 10.2pt 0cm 10.2pt 0cm;\"><span lang=\"FI\" style=\"font-size: 10.0pt; font-family: 'Open Sans',sans-serif; color: #666666;\">Eniten minulla on ty\u00f6kokemusta yksil\u00f6terapiasta. Lis\u00e4ksi olen ohjannut mm. psykofyysisi\u00e4 ja tanssiterapeuttisia ryhmi\u00e4 ja asahia ja pit\u00e4nyt lyhyit\u00e4 koulutuksia mm. kehotietoisuuteen liittyen. Luonto, liikunta, valokuvaus ja matkustaminen ovat l\u00e4hell\u00e4 syd\u00e4nt\u00e4ni.<\/span><\/p>\n<\/div><\/section><\/div>\n<style type=\"text\/css\" data-created_by=\"avia_inline_auto\" id=\"style-css-av-edwhu-c443b3d9345eb9076487f9abbcfcb330\">\n.flex_column.av-edwhu-c443b3d9345eb9076487f9abbcfcb330{\n-webkit-border-radius:0px 0px 0px 0px;\n-moz-border-radius:0px 0px 0px 0px;\nborder-radius:0px 0px 0px 0px;\npadding:0px 0px 0px 0px;\n}\n<\/style>\n<div class='flex_column av-edwhu-c443b3d9345eb9076487f9abbcfcb330 av_one_half  avia-builder-el-4  el_after_av_one_half  avia-builder-el-last  flex_column_div av-zero-column-padding column-top-margin'     ><style type=\"text\/css\" data-created_by=\"avia_inline_auto\" id=\"style-css-av-ab9y2-39a07a8148638c825ec482b00051c64c\">\n.avia-image-container.av-ab9y2-39a07a8148638c825ec482b00051c64c img.avia_image{\nbox-shadow:none;\n}\n.avia-image-container.av-ab9y2-39a07a8148638c825ec482b00051c64c .av-image-caption-overlay-center{\ncolor:#ffffff;\n}\n<\/style>\n<div  class='avia-image-container av-ab9y2-39a07a8148638c825ec482b00051c64c av-styling- avia-align-center  avia-builder-el-5  avia-builder-el-no-sibling '   itemprop=\"image\" itemscope=\"itemscope\" itemtype=\"https:\/\/schema.org\/ImageObject\" ><div class=\"avia-image-container-inner\"><div class=\"avia-image-overlay-wrap\"><img class='wp-image-962 avia-img-lazy-loading-not-962 avia_image ' src='https:\/\/www.tiinagrano.fi\/wp-content\/uploads\/2022\/12\/kavelykuva.jpg' alt='Tiina Gran\u00f6' title='kavelykuva'  height=\"768\" width=\"597\"  itemprop=\"thumbnailUrl\"  \/><\/div><\/div><\/div><\/div><\/p>\n","protected":false},"excerpt":{"rendered":"","protected":false},"author":1,"featured_media":711,"parent":0,"menu_order":0,"comment_status":"closed","ping_status":"closed","template":"","meta":{"footnotes":""},"class_list":["post-266","page","type-page","status-publish","has-post-thumbnail","hentry"],"_links":{"self":[{"href":"https:\/\/www.tiinagrano.fi\/index.php?rest_route=\/wp\/v2\/pages\/266","targetHints":{"allow":["GET"]}}],"collection":[{"href":"https:\/\/www.tiinagrano.fi\/index.php?rest_route=\/wp\/v2\/pages"}],"about":[{"href":"https:\/\/www.tiinagrano.fi\/index.php?rest_route=\/wp\/v2\/types\/page"}],"author":[{"embeddable":true,"href":"https:\/\/www.tiinagrano.fi\/index.php?rest_route=\/wp\/v2\/users\/1"}],"replies":[{"embeddable":true,"href":"https:\/\/www.tiinagrano.fi\/index.php?rest_route=%2Fwp%2Fv2%2Fcomments&post=266"}],"version-history":[{"count":150,"href":"https:\/\/www.tiinagrano.fi\/index.php?rest_route=\/wp\/v2\/pages\/266\/revisions"}],"predecessor-version":[{"id":991,"href":"https:\/\/www.tiinagrano.fi\/index.php?rest_route=\/wp\/v2\/pages\/266\/revisions\/991"}],"wp:featuredmedia":[{"embeddable":true,"href":"https:\/\/www.tiinagrano.fi\/index.php?rest_route=\/wp\/v2\/media\/711"}],"wp:attachment":[{"href":"https:\/\/www.tiinagrano.fi\/index.php?rest_route=%2Fwp%2Fv2%2Fmedia&parent=266"}],"curies":[{"name":"wp","href":"https:\/\/api.w.org\/{rel}","templated":true}]}}